What is the remainder when 60 is divided by 176/33*(3 + 0)?
12
Suppose 0 = 5*k + g - 6, -5*k - 5 = 5*g + 5. Let i(m) = -m**2 + 5*m + 2. Calculate the remainder when k is divided by i(5).
0
Suppose 2*y + 2*m + 22 = 0, -4*y + 4*m = 2*m + 32. Let a = 0 - y. Calculate the remainder when 17 is divided by a.
8
Suppose 26 = -r - r. Let u = 3 - r. Suppose -u = -3*a - a. Calculate the remainder when 11 is divided by a.
3
Suppose 0 = -0*k + 3*k - 21. Calculate the remainder when 18 - 2*(-2)/4 is divided by k.
5
Let f(b) be the second derivative of -1/6*b**3 + 1/12*b**4 + 69/2*b**2 - b + 0. Calculate the remainder when f(0) is divided by 18.
15
Let j(l) = 2*l**2 - 7*l - 7. Calculate the remainder when j(7) is divided by 11.
9
Let t be 1 + 2 - (4 - 3). Let o = 25 - 0. Suppose 5*r = -i - 10, -t*i + r + 4*r = -o. What is the remainder when 8 is divided by i?
3
Let l = 132 - 62. Calculate the remainder when l is divided by 29.
12
Let z(t) = t**3 + 10*t**2 + 10*t - 6. Let o be z(-8). Suppose 0*q - o = -3*q. Let f = -7 + 15. Calculate the remainder when q is divided by f.
6
Let y(b) = -b + 5. Let s(p) = p**2 + 6*p + 7. Calculate the remainder when y(0) is divided by s(-5).
1
Suppose -3*f + 0*f + 72 = 0. Let v = f + -16. Suppose 0*p + 42 = 3*p. What is the remainder when p is divided by v?
6
Let w be 0 + 2 - (5 + -2). Let p be -1*((w - -4) + 42). Let q = -20 - p. Calculate the remainder when q is divided by 13.
12
Let a(z) = z**2 - 7*z + 5. Suppose 2*x - 18 = -x. Let g = -1 + x. Calculate the remainder when a(8) is divided by g.
3
Suppose 3*q - 6 = 0, -3*s + 4*q = -7*s - 76. Let j = -14 - s. Calculate the remainder when 19 is divided by j.
5
What is the remainder when 20 is divided by 94/8 + (-3)/(-12)?
8
Let w(g) = 2*g - g**2 - 2*g**2 - g**3 - 4*g. What is the remainder when 16 is divided by w(-3)?
4
Let u = 52 - 22. Calculate the remainder when 149 is divided by u.
29
Suppose -4*i - 10 = -2*m, 2*i - 7 + 1 = 0. Let k = m - 1. Let b = -10 - -16. What is the remainder when k is divided by b?
4
Let t = 10 - 5. What is the remainder when t is divided by 4?
1
Suppose -2*b = 3*b - 20, 4*j + 5*b = 32. Suppose -5*z = -j*l - 417, 0 = 4*z - 3*z - 2*l - 82. What is the remainder when ((-1)/(-2))/(3/z) is divided by 8?
6
Suppose 5*v + 4*h - 88 = v, h + 32 = v. Let x(j) = -41*j - 4. What is the remainder when x(-2) is divided by v?
24
Let y(g) = -g**3 - 4*g**2 + 4*g + 1. Let q(z) = -z**2 + 9*z - 5. Let l be (-4)/18 + 83/9. Let h be q(l). What is the remainder when 23 is divided by y(h)?
5
Let s(a) = -a + 71. What is the remainder when s(12) is divided by 15?
14
Let z = -44 + 136. Calculate the remainder when z is divided by 12.
8
Suppose 10*i = 5*i + 90. What is the remainder when 124 is divided by i?
16
Let i = -10 + 15. Suppose -3*q - 33 - 29 = i*c, 4 = -c. Let l = q + 25. What is the remainder when 20 is divided by l?
9
Suppose 0 = 5*v - 4*q - 91, 2*v - q = q + 36. Calculate the remainder when 111 is divided by v.
16
Let j(y) = -11*y - 6. Let n be j(-6). Suppose -n = p - 6*p. Calculate the remainder when 22 is divided by p.
10
Suppose 5*v + 841 = 251. Let q = -60 - v. What is the remainder when q is divided by 20?
18
Let s = -6 - -42. Suppose 4*y = 0, -4*y = -f + y + 2. Suppose f*i = -i + s. What is the remainder when i is divided by 7?
5
Suppose 46 = 5*t - 4*x - 0, -t = -3*x - 7. Let h(p) = -7*p + 2. Calculate the remainder when h(-5) is divided by t.
7
Suppose -26 = -a - a. What is the remainder when (5/(-5) - 2) + 50 is divided by a?
8
Suppose -127 = -2*s - 43. What is the remainder when s is divided by 16?
10
Let t = -72 + 93. What is the remainder when t is divided by 8?
5
Let n = 20 + -8. What is the remainder when 37 is divided by n/90 + 236/30?
5
Let t(o) = -o**3 - 16*o**2 - 49*o + 6. Calculate the remainder when 53 is divided by t(-12).
17
Suppose 4 = m - 26. Calculate the remainder when m is divided by 8.
6
Suppose 2*b - 42 = -5*i, b - 6 = -0*b + 5*i. Calculate the remainder when 126 is divided by b.
14
Let o = 533 - 275. Calculate the remainder when o is divided by 26.
24
Suppose -19 = -2*k + 27. Calculate the remainder when 136 is divided by k.
21
Let c(j) = j**2 - 3*j - 4. Let y(q) = -3*q - 1. What is the remainder when c(5) is divided by y(-1)?
0
Let b = -250 - -366. Calculate the remainder when b is divided by 41.
34
Suppose 60 = 5*d - 0*d. What is the remainder when (-46)/(4/2*-1) is divided by d?
11
What is the remainder when 4/(-3) + 1 - 6560/(-60) is divided by 22?
21
Let w = 21 + -9. Calculate the remainder when 26 is divided by w.
2
Suppose 4*b - 20 = 0, -4*b - 18 = 2*n - 4*n. Calculate the remainder when n is divided by 10.
9
Let v = 4 + 0. Let i = 177 + -165. Let y = i - v. What is the remainder when 22 is divided by y?
6
Let b = 156 - 92. Calculate the remainder when b is divided by 14.
8
Suppose 4*a - 66 = 2*a - o, 0 = -3*a - 3*o + 93. Calculate the remainder when a is divided by 12.
11
Suppose 1 = 2*t - 7. Suppose -o = 3*d - 8*d - 13, -t*o - 2*d + 52 = 0. What is the remainder when o is divided by 4?
1
Suppose -5 = -n - p, 0 = 5*n - 4*p + 7 - 32. Suppose -2*i + 31 = -0*i - n*b, 63 = 3*i - 2*b. What is the remainder when i is divided by 12?
11
Let s = 6 - 4. Suppose s*w = 52 + 6. What is the remainder when w is divided by -5 + 15 - (1 - 1)?
9
Suppose -12*s + 16*s - 60 = 0. Calculate the remainder when 28 is divided by s.
13
Let r = 40 - 25. Suppose -r = -5*k + 2*k. Calculate the remainder when 9 is divided by k.
4
Suppose 3*c - v - 75 = 0, 0*c - 2*c = 2*v - 58. Calculate the remainder when c is divided by 10.
6
Suppose -368 = -4*a + 5*x, 3*x + 8 = x. What is the remainder when a is divided by 30?
27
Suppose -6*f = -3*f - 126. What is the remainder when f is divided by 23?
19
Let n(t) = t**2 + 2*t - 3. Let p be n(-3). Suppose -3*f - 2*f = p. What is the remainder when (-7 - f)*(-1 - 0) is divided by 4?
3
Let q be (-1)/(-3) + (-2)/6. Let w = 0 + q. Suppose -4*a + a + 24 = w. What is the remainder when 15 is divided by a?
7
Suppose 0 = -4*x + 5*x - 6. What is the remainder when (51/(-15) - -3) + 351/15 is divided by x?
5
Let z(t) = t**3 + 7*t**2 + 5*t - 5. What is the remainder when 10/35 + (-19)/(-7) is divided by z(-6)?
0
Suppose 5*o + 45 = 4*p + 233, -4*p + 212 = 5*o. Calculate the remainder when ((-12)/(-8))/(6/o) is divided by 4.
2
Let z = -40 - -137. Calculate the remainder when z is divided by 51.
46
Let y(t) = t**3 + 8*t**2 - 7*t. Let l be 141/(-15) + 4/10. Let q be y(l). Let o = -9 - q. Calculate the remainder when o is divided by 6.
3
Suppose 3*z - 5 - 1 = 0. Suppose 0 = -3*p - z*p + 40. Calculate the remainder when 31 is divided by p.
7
Let y = 14 + 5. Let t(k) = -29*k**3 + k. Let i be t(-1). Let q = i - y. Calculate the remainder when 25 is divided by q.
7
Let z(c) = -3 + 9*c - 2*c**2 + 1 + c**2 - 2. Calculate the remainder when z(6) is divided by 8.
6
Suppose -65 = -i - 4*i. What is the remainder when 23 is divided by i?
10
What is the remainder when 12/6 + (1 - -4) is divided by 3/7 - 72/(-28)?
1
Let l = -8 - -13. Calculate the remainder when 15 is divided by l.
0
Let p(a) = a**2 + 3*a + 1. Suppose 2*u - u = 5*t - 19, t + 17 = -5*u. Calculate the remainder when p(u) is divided by 0 + (-21)/(-15) + (-6)/(-10).
1
Let p = 1 - 37. Let v = 3 - p. What is the remainder when v is divided by 21?
18
Let a(d) = d**2 + 20. Let l be a(0). Let c = l - 11. Suppose c = x + 2*x. Calculate the remainder when 8 is divided by x.
2
Suppose -574 = -5*g - 169. Calculate the remainder when g is divided by 21.
18
Let v(a) = -a**3 + 6*a**2 + 7*a + 1. Calculate the remainder when 2 is divided by v(7).
0
Let s(d) = -6 - 5*d - 4 + 2*d**2 + 0 + 2. What is the remainder when s(6) is divided by 7?
6
Suppose -3*q - 130 = -8*q. What is the remainder when 77 is divided by q?
25
Let a(s) = 2*s**2 - 2*s - 8. Let w be a(6). Suppose 0*m - w = -4*m. Calculate the remainder when m is divided by (1 - (4 - -1))/(-1).
1
Let m(x) = -x**3 + 5*x**2 + 5*x - 10. Suppose 2*i = -2*i - 3*t + 182, -t = -i + 42. What is the remainder when i is divided by m(5)?
14
Let h(v) = -v**3 + 3*v**2 + 3*v - 2. Let r = -198 - -223. What is the remainder when h(-4) is divided by r?
23
Suppose 5*x + 25 = -z, 0 = -z - 2*x - 5 - 5. Suppose z*s + 42 = 2*g + 3*s, 2*s = -g + 20. Calculate the remaind